{"id":963,"date":"2019-03-18T11:26:17","date_gmt":"2019-03-18T09:26:17","guid":{"rendered":"http:\/\/archebald.ee\/?page_id=963"},"modified":"2024-03-19T00:24:03","modified_gmt":"2024-03-18T22:24:03","slug":"teadusteater","status":"publish","type":"page","link":"https:\/\/archebald.ee\/index.php\/lisaks-pohilisele\/teadusteater\/","title":{"rendered":"Teadusteater"},"content":{"rendered":"\n<p>2019. aastast on Saaremaal uus teater Teadusteater Archebald. P\u00f5nevad katsed keemia ja ka f\u00fc\u00fcsika maailmast koos uhkete efektide ja asjakohaste selgitustega panevad nii tulevase noore teadlase kui ka omaaegseid keemiatunde meenutava t\u00e4iskasvanu silmad kindlasti s\u00e4rama. Tellitud etendused saavad toimuma kas Teie ruumides v\u00f5i soovi korral ka Keskaja Elamuskeskuse saalis.<\/p>\n\n\n\n<p>T\u00f5psem info Teadusteatri enda kodulehel <a href=\"http:\/\/www.teadusteater.com\">www.teadusteater.com<\/a><\/p>\n\n\n\n<p><\/p>\n","protected":false},"excerpt":{"rendered":"<p>2019. aastast on Saaremaal uus teater Teadusteater Archebald. P\u00f5nevad katsed keemia ja ka f\u00fc\u00fcsika maailmast koos uhkete efektide ja asjakohaste [&hellip;]<\/p>\n","protected":false},"author":1,"featured_media":0,"parent":1095,"menu_order":2,"comment_status":"closed","ping_status":"closed","template":"","meta":{"footnotes":""},"class_list":["post-963","page","type-page","status-publish","hentry"],"_links":{"self":[{"href":"https:\/\/archebald.ee\/index.php\/wp-json\/wp\/v2\/pages\/963","targetHints":{"allow":["GET"]}}],"collection":[{"href":"https:\/\/archebald.ee\/index.php\/wp-json\/wp\/v2\/pages"}],"about":[{"href":"https:\/\/archebald.ee\/index.php\/wp-json\/wp\/v2\/types\/page"}],"author":[{"embeddable":true,"href":"https:\/\/archebald.ee\/index.php\/wp-json\/wp\/v2\/users\/1"}],"replies":[{"embeddable":true,"href":"https:\/\/archebald.ee\/index.php\/wp-json\/wp\/v2\/comments?post=963"}],"version-history":[{"count":2,"href":"https:\/\/archebald.ee\/index.php\/wp-json\/wp\/v2\/pages\/963\/revisions"}],"predecessor-version":[{"id":967,"href":"https:\/\/archebald.ee\/index.php\/wp-json\/wp\/v2\/pages\/963\/revisions\/967"}],"up":[{"embeddable":true,"href":"https:\/\/archebald.ee\/index.php\/wp-json\/wp\/v2\/pages\/1095"}],"wp:attachment":[{"href":"https:\/\/archebald.ee\/index.php\/wp-json\/wp\/v2\/media?parent=963"}],"curies":[{"name":"wp","href":"https:\/\/api.w.org\/{rel}","templated":true}]}}