{"id":510,"date":"2018-01-23T23:11:20","date_gmt":"2018-01-23T21:11:20","guid":{"rendered":"http:\/\/archebald.ee\/?page_id=510"},"modified":"2024-03-18T23:28:09","modified_gmt":"2024-03-18T21:28:09","slug":"hea-teada","status":"publish","type":"page","link":"https:\/\/archebald.ee\/index.php\/kulastaja-info\/hea-teada\/","title":{"rendered":"Hea teada"},"content":{"rendered":"<ul>\n<li>Meie piletikassa asub keskuse hoones.<\/li>\n<li>WC: Tualetti p\u00e4\u00e4seb piletikassa ruumist.<\/li>\n<li>Lapsevankrid ja ratastoolid: Keskuse hoovis saab liigelda ka lapsevankri v\u00f5i ratastooliga, osadesse keskuse ruumidesse ratastel s\u00f5iduvahenditega kahjuks siiski ei p\u00e4\u00e4se.<\/li>\n<li>Loomad: Kuna keskuse hoovis on k\u00fc\u00fclikud ja toimub ka vibulaskmine, siis lemmikloomad ei ole keskuses lubatud, v\u00e4lja arvatud pimedate juhtkoerad ja teenistuskoerad \u00fclesannete t\u00e4itmisel.<\/li>\n<li>Autode parkimine: Parkla asub elamuskeskuse v\u00e4ravate ees, lisaks on parkla keskusest \u00fcle t\u00e4nava. Inva-parkimiskohti keskuse l\u00e4hi\u00fcmbruses m\u00e4rgitud ei ole. Kuressaares on parkimine tasuta.<\/li>\n<li>Busside peatumine: Kohe Archebaldi ees on t\u00e4nava \u00e4\u00e4res nn. bussitasku, kus saab k\u00fclastajate mahaminekuks v\u00f5i pealetulekuks peatuda.<\/li>\n<li>Pildistamine ja filmimine: pildistamine ja filmimine on Archebaldis lubatud. Filmimine ja pildistamine kommertseesm\u00e4rgil on lubatud ainult eelneval kokkuleppel (+372 5 115 503).<\/li>\n<\/ul>\n","protected":false},"excerpt":{"rendered":"<p>Meie piletikassa asub keskuse hoones. WC: Tualetti p\u00e4\u00e4seb piletikassa ruumist. Lapsevankrid ja ratastoolid: Keskuse hoovis saab liigelda ka lapsevankri v\u00f5i [&hellip;]<\/p>\n","protected":false},"author":1,"featured_media":0,"parent":507,"menu_order":0,"comment_status":"closed","ping_status":"closed","template":"","meta":{"footnotes":""},"class_list":["post-510","page","type-page","status-publish","hentry"],"_links":{"self":[{"href":"https:\/\/archebald.ee\/index.php\/wp-json\/wp\/v2\/pages\/510","targetHints":{"allow":["GET"]}}],"collection":[{"href":"https:\/\/archebald.ee\/index.php\/wp-json\/wp\/v2\/pages"}],"about":[{"href":"https:\/\/archebald.ee\/index.php\/wp-json\/wp\/v2\/types\/page"}],"author":[{"embeddable":true,"href":"https:\/\/archebald.ee\/index.php\/wp-json\/wp\/v2\/users\/1"}],"replies":[{"embeddable":true,"href":"https:\/\/archebald.ee\/index.php\/wp-json\/wp\/v2\/comments?post=510"}],"version-history":[{"count":7,"href":"https:\/\/archebald.ee\/index.php\/wp-json\/wp\/v2\/pages\/510\/revisions"}],"predecessor-version":[{"id":1079,"href":"https:\/\/archebald.ee\/index.php\/wp-json\/wp\/v2\/pages\/510\/revisions\/1079"}],"up":[{"embeddable":true,"href":"https:\/\/archebald.ee\/index.php\/wp-json\/wp\/v2\/pages\/507"}],"wp:attachment":[{"href":"https:\/\/archebald.ee\/index.php\/wp-json\/wp\/v2\/media?parent=510"}],"curies":[{"name":"wp","href":"https:\/\/api.w.org\/{rel}","templated":true}]}}