{"id":1012,"date":"2021-05-18T13:48:16","date_gmt":"2021-05-18T10:48:16","guid":{"rendered":"http:\/\/archebald.ee\/?page_id=1012"},"modified":"2024-03-18T23:15:40","modified_gmt":"2024-03-18T21:15:40","slug":"kaimas-on-easi-poolt-toetatav-projekt-keskaja-elamuskeskuse-archebald-konkurentsivoime-taastamine-ja-suurendamine","status":"publish","type":"page","link":"https:\/\/archebald.ee\/index.php\/kulastaja-info\/kaimas-on-easi-poolt-toetatav-projekt-keskaja-elamuskeskuse-archebald-konkurentsivoime-taastamine-ja-suurendamine\/","title":{"rendered":"K\u00e4imas on EASi poolt toetatav projekt \u201cKeskaja Elamuskeskuse Archebald konkurentsiv\u00f5ime taastamine ja suurendamine\u201d"},"content":{"rendered":"<p>&nbsp;<\/p>\n<p><img loading=\"lazy\" decoding=\"async\" class=\"alignnone size-medium wp-image-1007\" src=\"http:\/\/archebald.ee\/wp-content\/uploads\/2021\/02\/EAS_SF_RGB_EST-300x87.png\" alt=\"\" width=\"300\" height=\"87\" srcset=\"https:\/\/archebald.ee\/wp-content\/uploads\/2021\/02\/EAS_SF_RGB_EST-300x87.png 300w, https:\/\/archebald.ee\/wp-content\/uploads\/2021\/02\/EAS_SF_RGB_EST-1024x298.png 1024w, https:\/\/archebald.ee\/wp-content\/uploads\/2021\/02\/EAS_SF_RGB_EST-768x224.png 768w, https:\/\/archebald.ee\/wp-content\/uploads\/2021\/02\/EAS_SF_RGB_EST.png 1349w\" sizes=\"auto, (max-width: 300px) 100vw, 300px\" \/><\/p>\n<p><strong>Projekti l\u00fchikirjeldus<\/strong><\/p>\n<p>Projekti k\u00e4igus arendatakse Keskaja Elamuskeskuse Archebald elamusteenust, t\u00e4iendatakse atraktsioone ja suurendatakse nende kasutusmugavust. Sellest teavitamiseks, keskuse k\u00fclastatavuse ja tuntuse suurendamiseks viiakse 2021. aasta suvel l\u00e4bi turunduskampaania. Projekt viiakse l\u00e4bi ajavahemikul 01.12.2020 kuni 31.08.2021.<\/p>\n<p><strong>Eesm\u00e4rk<\/strong><\/p>\n<p>Projekti eesm\u00e4rgiks on taastadada O\u00dc Must Ploom konkurentsiv\u00f5ime ning teha ettevalmistused ettev\u00f5tte konkurentsiv\u00f5ime kasvuks.<\/p>\n<p><strong>Tulemus<\/strong><\/p>\n<p>Projekti tulemusena on t\u00e4iendavate vahendite n\u00e4ol uuenduse saanud keskuse relvade ja turviste saal, keskaegsete kost\u00fc\u00fcmide ruum, k\u00e4sit\u00f6\u00f6koda ja piinakamber. Lisaks on soetatud osadesse seni k\u00fctteta ruumidesse infrapuna k\u00fctteseadmed. Samuti on 2021 aasta suvel l\u00e4bi viidud keskuse turunduskampaania.<\/p>\n<p><strong>Fondi nimetus<\/strong><\/p>\n<p>Euroopa Regionaalarengu Fond<\/p>\n<p><strong>Toetuse summa<\/strong><\/p>\n<p>18500 eurot<\/p>\n","protected":false},"excerpt":{"rendered":"<p>&nbsp; Projekti l\u00fchikirjeldus Projekti k\u00e4igus arendatakse Keskaja Elamuskeskuse Archebald elamusteenust, t\u00e4iendatakse atraktsioone ja suurendatakse nende kasutusmugavust. Sellest teavitamiseks, keskuse k\u00fclastatavuse [&hellip;]<\/p>\n","protected":false},"author":1,"featured_media":0,"parent":507,"menu_order":1,"comment_status":"closed","ping_status":"closed","template":"","meta":{"footnotes":""},"class_list":["post-1012","page","type-page","status-publish","hentry"],"_links":{"self":[{"href":"https:\/\/archebald.ee\/index.php\/wp-json\/wp\/v2\/pages\/1012","targetHints":{"allow":["GET"]}}],"collection":[{"href":"https:\/\/archebald.ee\/index.php\/wp-json\/wp\/v2\/pages"}],"about":[{"href":"https:\/\/archebald.ee\/index.php\/wp-json\/wp\/v2\/types\/page"}],"author":[{"embeddable":true,"href":"https:\/\/archebald.ee\/index.php\/wp-json\/wp\/v2\/users\/1"}],"replies":[{"embeddable":true,"href":"https:\/\/archebald.ee\/index.php\/wp-json\/wp\/v2\/comments?post=1012"}],"version-history":[{"count":2,"href":"https:\/\/archebald.ee\/index.php\/wp-json\/wp\/v2\/pages\/1012\/revisions"}],"predecessor-version":[{"id":1014,"href":"https:\/\/archebald.ee\/index.php\/wp-json\/wp\/v2\/pages\/1012\/revisions\/1014"}],"up":[{"embeddable":true,"href":"https:\/\/archebald.ee\/index.php\/wp-json\/wp\/v2\/pages\/507"}],"wp:attachment":[{"href":"https:\/\/archebald.ee\/index.php\/wp-json\/wp\/v2\/media?parent=1012"}],"curies":[{"name":"wp","href":"https:\/\/api.w.org\/{rel}","templated":true}]}}